ided by r?
6
Let f be (5 - 2) + (0 - 10). Let d(p) be the second derivative of -p**4/12 - 5*p**3/3 - 5*p**2 - 3*p. What is the remainder when 20 is divided by d(f)?
9
Let k(z) = -z**2 + 16*z + 3. Calculate the remainder when 5 is divided by k(16).
2
Suppose -5*h = -2*n - 3, -3*h - 7 = -3*n + 2. Let r = n + 14. What is the remainder when r is divided by 11?
9
Let a = 25 + -11. What is the remainder when 39 + 1/(9/(-6) + 2) is divided by a?
13
Let c(w) = -3*w**2 + w + 3. Let b be c(-2). Let k = -22 + 40. Let n = k + b. Calculate the remainder when 26 is divided by n.
5
What is the remainder when (6/(-12))/(3/(-582)) is divided by 25?
22
What is the remainder when (-7)/(14/492)*6/(-18) is divided by 21?
19
Suppose 0 = 4*w - 23 - 41. What is the remainder when 44 is divided by w?
12
Let h(l) = l**3 + 4*l**2 - 6*l - 5. Let r be h(-5). Suppose r = -2*y + 3*y - 2. Suppose -i + y = -5. Calculate the remainder when 13 is divided by i.
6
Let o be 1/1*339/3. Let p = o - 78. What is the remainder when p is divided by 19?
16
Calculate the remainder when -15*(-5 + 5 + -2) is divided by 8.
6
Suppose 4*u - 5*b = 110, u - b - 28 = -0*b. Suppose 2*v = -5*m + u, 2*v + 4*m - 66 = 8*m. Calculate the remainder when 49 is divided by v.
24
Calculate the remainder when 19 is divided by (-3)/(-2)*(154/21)/1.
8
Let r(a) = a**3 + a**3 + 5*a**2 - a**3 + 7. Let c be -4 - (-3 - 1*-4). What is the remainder when 12 is divided by r(c)?
5
Suppose -3*q - 5*o = 57, q - 2*o + 4 + 4 = 0. Calculate the remainder when q/(-8) - (-12)/48 is divided by 1.
0
Suppose -6 = b - 2*b. Let m(i) = -2*i + i**2 + 3*i - 3*i - 2*i + 4. What is the remainder when b is divided by m(4)?
2
Suppose l = 2*l - 20. Suppose 5*n = -l, 2*h + 3*n - 40 = -0*n. Calculate the remainder when h is divided by 14.
12
Let u(p) = -p**3 - 12*p**2 - 14*p + 1. Let w be u(-10). Let z = 13 - w. What is the remainder when z is divided by 15?
12
Let z be (-2)/(-1) - (-18 - 4). Let d = -13 + z. What is the remainder when 31 is divided by d?
9
Let n(t) = 26*t**2 - 6. What is the remainder when n(2) is divided by 25?
23
Let p be ((-15)/12)/(4/64). Let w = 26 + p. What is the remainder when 16 is divided by w?
4
Let b be 2/(2 + -1)*-10. Let j = b + 5. Calculate the remainder when (-1 - 0)/(1/j) is divided by 8.
7
Let a(y) = -y - 11. Let v be a(-13). Suppose 0*t + 58 = v*t. Calculate the remainder when t is divided by 10.
9
Let n be 6*(-1 + (-12)/(-9)). Suppose 16 = 4*g + n*v + 3*v, 2*v - 20 = -5*g. Calculate the remainder when 7 is divided by g.
3
Let v(f) = f + 4. Let c be v(-4). Suppose m = -c*m + 23. What is the remainder when m is divided by 8?
7
Calculate the remainder when 8*((-5)/(-4) - 0) - 2 is divided by 3.
2
Suppose -l - 3*y + 13 = 0, -5*l + l = y - 41. What is the remainder when 47 is divided by l?
7
Let q be (1 - 1 - 0) + 1. Let p(x) = 5*x + 1 + 14*x + 6*x. Calculate the remainder when p(q) is divided by 14.
12
Suppose 0 = -2*q + 41 + 23. Calculate the remainder when q is divided by 12.
8
What is the remainder when (-3)/(-6) - 255/(-10) is divided by 10?
6
Suppose -41 = 7*n - 111. What is the remainder when 16 is divided by n?
6
Let z(x) = 6*x + 1. Suppose -2 = -5*n + 3. Suppose 4*k - n = 3. What is the remainder when 12 is divided by z(k)?
5
Let y be ((-185)/(-10))/((-1)/(-2)). Let m = -57 - -33. Let x = m + y. What is the remainder when x is divided by 4?
1
Suppose -z + 21 = 2*o, o - 3*o + z = -15. Suppose -4*k = -3*k - o. What is the remainder when 42 is divided by k?
6
Let m = -47 + 118. What is the remainder when m is divided by 19?
14
Suppose -242 = -4*a - b, 2*a - 166 = 4*b - 36. Calculate the remainder when a is divided by 16.
13
Suppose f - 4*f - 9 = 0. What is the remainder when 6 is divided by -1 - (-15)/(f/(-1))?
2
Let v(p) = 4*p**2 + 4*p - 8. What is the remainder when v(5) is divided by 38?
36
Suppose 0 = 6*x - 10*x - 28. Let k = 20 + x. Calculate the remainder when 23 is divided by k.
10
Let p(k) = k - 2. Let r be p(2). Suppose g + 3*g - 48 = r. Let h = 1 + 6. Calculate the remainder when g is divided by h.
5
Suppose 2*g + 200 = 4*i + 74, i - 4*g = 21. Calculate the remainder when 162 is divided by i.
30
Calculate the remainder when (-2)/(-6)*18/2 is divided by 1.
0
Suppose 9*i - 840 = -i. What is the remainder when i is divided by 17?
16
Let l be (-2)/(-4) - 6/(-4). Let f = l + -1. Calculate the remainder when -1*f*(4 - 42) is divided by 13.
12
Suppose 125 = 2*b - 225. Suppose 35 = -5*u + b. What is the remainder when u is divided by 15?
13
Suppose 0 = 2*y - 2*w - 26, -4 = 3*y + 3*w - 37. What is the remainder when 19 is divided by y?
7
Let x(f) = -f**3 - 14*f**2 + f + 17. Let t be x(-14). Let d = t + 42. Calculate the remainder when d is divided by 23.
22
Let v = 54 - 24. What is the remainder when 147 is divided by v?
27
Let k be (-63)/3*(-2)/(-6). Let g = k - -7. What is the remainder when (g + (-56)/6)*-3 is divided by 10?
8
Suppose 4*d = 4*v - 112, 4*v + 15 - 155 = -3*d. Suppose 5*q - 58 - v = 0. What is the remainder when q is divided by 10?
8
Suppose -74 = -3*f + f. Let v = -9 + 28. Let s = f - v. What is the remainder when s is divided by 10?
8
Let n(x) = -6*x - 3*x + 2*x - x**2 - x. Calculate the remainder when 34 is divided by n(-6).
10
What is the remainder when 31 is divided by (-175)/(-15) - (2 + 12/(-9))?
9
Let w = -25 - -64. Calculate the remainder when w is divided by 20.
19
Suppose -4*s + 42 = -38. Let f = s + 1. Calculate the remainder when f is divided by (7 - -4) + (2 - 2).
10
Suppose s = 3*d + 8, -4*d = 3*s - 5 - 6. Suppose 2*n = s*n - 624. Calculate the remainder when (-2)/6 - n/(-12) is divided by 9.
8
Let o(z) = 11*z**2 + 4*z - 3. Calculate the remainder when o(1) is divided by 8.
4
Suppose 3*k - 5 = -5*a + 1, 5*k + 4*a = 10. Let m be 10/(126/(-64) + k). Calculate the remainder when (-4)/12 + m/6 is divided by 18.
17
Let f(u) = -u**3 - 6*u**2 - 6*u + 6. What is the remainder when f(-6) is divided by 11?
9
Let d(v) = -v**2 - 3*v - 4. Let n be d(-5). Let k = n + 20. What is the remainder when 16 is divided by k?
4
Suppose -4*s + 1 - 21 = 0. Let t = -2 - s. Suppose m - t = -2. Calculate the remainder when 3 is divided by m.
0
Suppose a - 10*a + 468 = 0. Calculate the remainder when a is divided by 17.
1
Let v(b) = b**2 + 22*b - 44. What is the remainder when 15 is divided by v(-24)?
3
Let z(i) = i**3 + 8*i**2 + i + 8. Calculate the remainder when z(-4) is divided by 23.
22
Let g(x) = x + 1. Let n be g(1). Suppose n*r - 3*j = j - 2, -4*j = -16. Calculate the remainder when 20 is divided by r.
6
Let r = 10 - 15. Let o = r + 26. Calculate the remainder when o is divided by ((-1)/2)/((-2)/44).
10
Suppose -261 = -7*t + 208. Calculate the remainder when t is divided by 34.
33
Let s(n) = -n**2 - 13*n + 8. What is the remainder when s(-10) is divided by 8?
6
Suppose 6*z = 3*z. Let q = 3 + z. What is the remainder when 56/(-5)*(-2 - q) is divided by 19?
18
Let r be 234/14 + 4/14. Let w = -5 + 9. Let j = r - w. What is the remainder when 38 is divided by j?
12
Let b be 5 - -2*(0 + -1). Let m(n) = -n**3 - 10*n**2 - 8*n + 11. Let g be m(-9). Suppose g*x - 50 = -b*x. What is the remainder when x is divided by 6?
4
Let f(x) = 10*x - 2. Let q be f(3). Let g = -7 + q. What is the remainder when g is divided by 11?
10
Suppose 0*q - 3*b - 18 = -q, 4*q - 3*b - 27 = 0. Suppose -1 = -2*f + 5. Suppose 4 = f*h - 17. What is the remainder when h is divided by q?
1
Suppose 3*h - 3*x = 5*h - 65, -h = 4*x - 20. What is the remainder when 79 is divided by h?
39
Let s = 3 - 11. Let p(l) = l**3 + 9*l**2 - l - 11. Calculate the remainder when p(s) is divided by (-382)/(-18) - 2/9.
19
Suppose -4*g - 4*o - 8 = 0, 4*g + 3*o + 0 = -8. Calculate the remainder when 8/12*(-63)/g is divided by 8.
5
Suppose -3*b - 4*y + 72 = -b, -y = -b + 30. Let g be 3*2/6*-19. Let p = b + g. What is the remainder when 37 is divided by p?
11
Let f be 2/(-3) + 47/3. Let s be (-5)/f + (-50)/(-6). Suppose -3*n - s - 19 = -d, d - 27 = -4*n. What is the remainder when d is divided by 14?
13
Let z(t) = t**3 - 7*t**2 + 2*t + 7. Let q = -11 - -18. What is the remainder when z(q) is divided by 12?
9
Let g be (-5)/(-25) + (-308)/(-10). Suppose -k = 5*o - 43, -o + 3*o = -k + g. What is the remainder when k is divided by 8?
7
Suppose 0 = -14